*d + 2*x + 13, x - 18 = -2*d. Let z(a) = -2*a + 1. Calculate z(d).
-13
Suppose -3*r - 2*r = 0. Suppose r = -2*y, -z + y = -0*z. Let a(c) = c**3 - c - 7. What is a(z)?
-7
Let o(b) = -b**2 + 2*b. Let p be ((-3)/(-6) - 2)*-2. Determine o(p).
-3
Let g(r) = r**2 - 1 + 5 - 8 + 3*r - 4*r. Calculate g(3).
2
Suppose 6*f - 15 = f. Let t(u) = u**2 - u + 4. Let z(d) = -5*d**2 + 4*d - 20. Let n(i) = 11*t(i) + 2*z(i). Determine n(f).
4
Let p = -100 - -102. Let d(v) be the third derivative of 3*v**p - 5/24*v**4 + 0*v + 1/6*v**3 + 0. Determine d(1).
-4
Let k(h) = -h - 5*h + 68 - 69. What is k(3)?
-19
Let z(v) be the first derivative of -v**3/3 + 4*v**2 + 2*v - 1. Let p = 65 + -59. Give z(p).
14
Suppose 15 = 6*o + 3. Let r(z) = -z**2 + 2*z - 2. What is r(o)?
-2
Let v = 29 - 30. Let h(z) be the first derivative of -1 + 1/2*z**2 + 0*z**3 + 0*z - 5/2*z**4. Give h(v).
9
Let t(p) = -p + 19. Let r be t(17). Let d(c) be the third derivative of 0 + 0*c - 1/30*c**5 - c**r - 1/6*c**3 + 1/12*c**4. Calculate d(1).
-1
Let z(l) be the second derivative of -l**3/6 - 3*l**2 - 16*l. Let m = -5 - -2. Give z(m).
-3
Let y(t) be the second derivative of 0 - 1/2*t**2 + 1/12*t**4 + 1/3*t**3 + 4*t. Give y(-2).
-1
Let w = 4 + -6. Let a(t) = 3*t**2 - 4*t + 7. Let f(j) = 4*j**2 - 6*j + 10. Let q(g) = 7*a(g) - 5*f(g). Determine q(w).
-1
Let a(s) be the second derivative of s**4/12 + s**3/3 + 39*s. Give a(-2).
0
Suppose 4*s + 4*f - 47 = 5*f, 5*f = 5*s - 70. Let j = s - 7. Suppose 5*u + 29 = 5*m + 2*u, -j*u - 12 = 0. Let c(h) = -h**3 + 3*h**2 + 6*h - 1. Calculate c(m).
7
Let z(b) = b**3 + 4*b**2 - 6*b - 5. Let s = 104 + -109. Calculate z(s).
0
Let s(p) be the first derivative of p**4/4 - p**2/2 - p + 1. Suppose -t - 4 = -2*b + 4*t, 10 = 5*b - 2*t. Suppose -2*w + 8 = b*w. What is s(w)?
5
Let n(t) = 5*t**2 - 3*t - 8. Let b(x) = 4*x**2 - 3*x - 7. Let l(y) = 4*b(y) - 3*n(y). Let u be 7 + 0 - (4 - 2). What is l(u)?
6
Let c = -8 - -14. Let u(t) = -7*t**2 + 19*t - 7. Let z(r) = 13*r**2 - 36*r + 13. Let v(w) = -11*u(w) - 6*z(w). Give v(c).
5
Let z(h) = -h - 6. Suppose 9*w - 12*w - 12 = 0. Give z(w).
-2
Let o(d) = -5*d - 3. Let z(w) = 11*w + 6. Let r(v) = 9*o(v) + 4*z(v). Let s(a) = -a + 1. Let c(t) = r(t) - 2*s(t). Suppose 0 = -0*q - q - 5. Give c(q).
-10
Let m(f) = 2*f - 29. Let c be m(14). Let t(n) be the second derivative of -n**4/6 + n**3/6 + n. Give t(c).
-3
Let t(q) = -4*q**2 + q**3 + 2*q**2 - q**2 + 4 - 2*q. Let f be (-12)/5 + (-2)/(-5). Let g be (1 - f/(-4))*6. Give t(g).
-2
Let x(p) = -p - 11. Let v be x(-6). Let w(i) = 3*i + 6. Calculate w(v).
-9
Suppose -2*p - p - 6 = a, -3*p + 5*a = -12. Let m(j) = -5*j**2 + j. Give m(p).
-6
Let y be -2*(2 - 1) + 5. Let p(b) = -b - 1 + 0*b + y. Let i = 17 - 12. Calculate p(i).
-3
Let d(o) = -o + 4. Let c = 21 + -18. Determine d(c).
1
Let r(c) be the second derivative of 0 + 0*c**2 + 1/2*c**3 - 9*c. Determine r(2).
6
Let f(j) be the third derivative of j**5/60 + 5*j**4/24 + 2*j**3/3 - 14*j**2 - 2. Give f(-4).
0
Let h(j) be the first derivative of j**4/4 + 4*j**3/3 + 2*j**2 + 2*j + 4. Determine h(-3).
-1
Let n be 2/(-4)*(-2 + 0). Let k(l) = -2*l**2 - 4*l**3 + n - 3*l**3 + 0*l**3 + l**3. Let q(i) = i**2 - 5*i + 1. Let g be q(5). Determine k(g).
-7
Let j(t) = -t. Suppose -3*g = -10 - 2, 3*y - 3*g = -9. What is j(y)?
-1
Let b(h) = -6*h**2 - 15*h + 5. Let d(y) = 5*y**2 + 14*y - 5. Let k(g) = 3*b(g) + 4*d(g). Let q(c) = c**2 + 5*c - 2. Let i(o) = 2*k(o) - 5*q(o). Determine i(-3).
0
Let o be (-6)/(-2) + 4/(-2). Let x(t) = 3*t - 4*t - 1 - 4*t. Give x(o).
-6
Suppose -3 = 5*y + 7. Let t(n) = -3*n - 3. Determine t(y).
3
Let p(t) be the second derivative of -t**3/6 + t**2/2 - 6*t. Determine p(4).
-3
Let z(m) = -15*m + 8*m - 3 + 5*m - 6. Give z(-7).
5
Let x(k) be the second derivative of -k**3/6 - k**2 + k. Give x(4).
-6
Suppose 5*l - 9 = 1. Let t(b) = 2*b**2 + 4*b + b**2 + 0 - l - 3*b. Suppose 3 = -2*k - 1. Calculate t(k).
8
Let k(p) = -3 - 10 - 3*p + 15. Calculate k(3).
-7
Let b(m) = 4*m - 2. Let s = -6 - -2. Let c = -11 - -17. Let a = c + s. Determine b(a).
6
Let a be (-78)/(-18) - (-1)/(-3). Suppose -5*o + 9 = 4*q - 0*q, 5*q - a = o. Let m(s) = 5*s**2 + 2*s - 1. What is m(q)?
6
Let f(q) = -5*q - 1. Let r(v) = v**2 - v + 2. Let z be r(2). Let w = 5 - z. Calculate f(w).
-6
Let y = 0 + 6. Let w(n) = n**2 + 2*n + 9. Let q(c) = -3*c**2 - 7*c - 27. Let u(l) = y*q(l) + 17*w(l). Determine u(-6).
3
Suppose 3 = -z, -b = 2*z + z + 9. Suppose 4*k - a + 11 = -b, -3*a = 2*k - 5. Let u(i) = i**3 + 4*i**2 + 3*i. Give u(k).
2
Let u(a) = a**2 + 7*a + 4. Suppose 0 = -4*q + 3*m - 21, 3*q + 3 = -3*m - 18. Calculate u(q).
-2
Let d(r) = -r**2 + 4*r + 6. Let g = 4 + -5. Let t = g - -1. Let s be 2*-1 - (t - 7). Calculate d(s).
1
Let t(y) be the third derivative of -y**6/720 + y**5/60 - y**4/3 - 4*y**2. Let p(z) be the second derivative of t(z). Calculate p(0).
2
Suppose z = -4*z - 5. Let v(m) = 0*m**2 - 2*m**3 + 2*m**3 + 3*m**3 + m + 2*m**2. Give v(z).
-2
Let d(b) = 6*b + 3. Let z = -181 - -176. Give d(z).
-27
Let a(v) = 5*v**2 + 2*v + 1. Let o be a(-1). Let u(b) = -5*b + 7*b**2 - 7*b + b**3 - 6 + 0*b**3 + o*b. What is u(-8)?
-6
Let r(y) be the first derivative of -y**3/3 + y**2/2 + 3*y - 6. Suppose 2*h - u + 10 = 0, -h - 2*u + 13 = 2*u. Give r(h).
-9
Let f(a) = -a**3 + 6*a**2 + 2*a + 1. Let m(v) = -7*v - 1. Let b be m(-1). Determine f(b).
13
Suppose -5*v + 7 = u + 16, 4*u - 4*v = 12. Let k(h) be the second derivative of h**5/10 - h**2/2 - 2*h. Determine k(u).
1
Suppose 0 = 2*k + 2*k - 12. Let h(b) be the second derivative of -b**5/20 + b**4/6 + 5*b**3/6 - b**2 + 15*b. What is h(k)?
4
Let x(r) be the third derivative of -r**5/60 - 11*r**4/24 - 11*r**3/6 + 7*r**2. Calculate x(-9).
7
Let i = -22 + 22. Let n(h) = -h**2 + h - 4. Give n(i).
-4
Let a(x) = 2*x - 3. Let t = 25 + -22. Calculate a(t).
3
Let l(m) = -3*m + 3. Suppose 41*y + 4 = 42*y. Give l(y).
-9
Let a(c) = -1. Let v(l) = -l**2 - 3*l - 2. Let b(d) = 4*a(d) - v(d). Give b(-4).
2
Let r(t) = t**2 - 8*t + 1. Let y be r(7). Let s = y - -6. Let g(u) = -u + 4. Determine g(s).
4
Let h(f) = 2*f + 16. Suppose 0 = -0*t - 4*t. Let q(u) = -u - 1 - 7 + t. Let m(j) = -4*h(j) - 7*q(j). Calculate m(-4).
-4
Let b be 2/3*9/3. Suppose v - 3*v + 5*c + 22 = 0, -2*v = b*c - 8. Let q(i) = -i**3 + 6*i**2 - 2*i + 7. Calculate q(v).
-5
Let i(y) = -y**2 + 1. Let r(g) = 2*g**2 - 6*g - 5. Let n(j) = 3*i(j) + r(j). Calculate n(-4).
6
Let d(n) = 2*n - 6. Let k(x) = -x**2 - 8*x - 5. Let m be k(-7). Let y(c) = -2*c + 1. Let j be y(m). Let v(w) = w - 2. Let b(h) = j*d(h) + 10*v(h). Give b(2).
6
Let m(b) = -3*b + 1. Let y(i) = -9*i + 3. Let g(o) = 7*m(o) - 2*y(o). Suppose 5*z + 20 = 0, 13 = -4*x - 4*z - 3. Suppose x = 3*n - 0 - 9. Determine g(n).
-8
Let l = 0 - 1. Suppose -5*u - 3*m + 1 = 0, 5*u - 5*m = -m + 22. Let k(j) = -2*j**2 + 2*j**2 - j - 4*j**u. What is k(l)?
-3
Let d(w) = w - 1. Suppose -8*t + 6 = -7*t. Calculate d(t).
5
Let x(m) be the second derivative of -5*m**4/12 - m**3/3 - m**2/2 - 19*m. Determine x(-1).
-4
Let y(k) = -14*k - 1. Let a(t) = -9*t - 1. Let v(h) = -8*a(h) + 5*y(h). Let c be (-2)/4 - (-6)/(-4). Determine v(c).
-1
Let k(b) = -3*b**3 - b**2 + b - 1. Let n be k(1). Let t(o) be the third derivative of o**5/30 + o**4/4 + o**3/3 - 9*o**2. Calculate t(n).
10
Let u(k) be the third derivative of k**6/120 + k**5/15 - k**4/3 + k**3/2 - 4*k**2 + 3. What is u(-6)?
-21
Let l(p) be the first derivative of p**4/4 + 5*p**3/3 + p**2/2 + 3*p + 14. What is l(-5)?
-2
Let z(v) = v**3 - 7*v**2 + 7*v. Let p be 56/6 - 12/36. Let a = p - 3. Calculate z(a).
6
Let u(g) be the second derivative of g**4/12 + 7*g**3/6 + 7*g**2/2 - g. Suppose -3*c = 5*v + 21, -v = -2*c - 0*c + 12. Determine u(v).
1
Suppose 0 = -5*m - 3*j - 2 - 1, -2*m + 14 = 5*j. Let a(r) = -r**3 - 4*r**2 - 2*r - 4. Give a(m).
-7
Let n = 6 - 4. Let u(i) = -3*i - 1 - 4 - 2 + n*i. Give u(-3).
-4
Let i(y) = 0 - 2 - 7*y - 1 - y**2 - 4. Determine i(-5).
3
Let z(w) = -w - 5. Suppose 6 = -2*t, -4*n = -3*t - 10 + 1. What is z(n)?
-5
Let d(i) = -i - 3. Suppose -4*x = -20, 11 = w - 2*x + 5*x. Calculate d(w).
1
Suppose 15 = -5*h - 2*w, -w - 9 = 3*h - 0*w. Let r be h + ((-12)/(-2) - 1). Let x(y) = -y**3 + 4*y**2 - 2*y - 2. Determine x(r).
2
Let w(r) = -7*r - 1. Let j be (-1 + -2)*(-2)/2. Suppose -4*d = j + 1. W